be q(5). What is the units digit of 3/(-12) - (-50)/v?
6
What is the units digit of (-6)/33 + 501/33?
5
Suppose 4*g + 9 = g. Let c = g + 17. What is the tens digit of c?
1
Let z(s) = -s + 4. Let o be z(-4). Suppose -k - o = k. Let y(h) = h**3 + 3*h**2 - 5*h - 2. What is the units digit of y(k)?
2
Let j(l) = 8*l**3 - 2*l**2 - 5*l + 6. What is the hundreds digit of j(3)?
1
Suppose 3*x + 580 = 8*x. What is the units digit of x?
6
Let j(s) = -5*s**3 - 4*s**2 - 4*s + 3. What is the tens digit of j(-4)?
7
What is the hundreds digit of ((-50)/18 - (-6)/(-27)) + 123?
1
Suppose u = 8 - 4. What is the units digit of 0/(16/u) + 8?
8
What is the units digit of (-264)/18*27/(-6)?
6
Suppose -3*j + 2*s = 33, -2*j - 3*j - 68 = s. Let o = j - -14. What is the units digit of o?
1
Suppose -2*j - 200 = -4*z - 0*j, -4*z - 5*j = -186. What is the units digit of z?
9
Suppose -x - 4 = -8. Suppose 3*p - 4 = p. Suppose 0 = p*f - x*f + 10. What is the units digit of f?
5
What is the units digit of -2 + (3 - -1) - -24?
6
Let l = 84 - 50. Let c = 47 - l. What is the units digit of c?
3
Let r(i) = -i**3 + 9*i**2 - 7*i - 8. Let s be r(8). Let o be s/(-1)*(-2 + 1). What is the units digit of 1 + o - (-4)/2?
3
What is the tens digit of 4/26 + 438/26?
1
Let v be ((-15)/(-6) - 3)*108. Let h = -23 - v. What is the tens digit of h?
3
Let o(u) = -40*u. What is the units digit of o(-1)?
0
What is the units digit of (741/(-19))/(1/(-3))?
7
Let i = 6 + -4. Suppose -3*o + 14 = i. Suppose 4*h - 2*r - 15 - 21 = 0, 2*r - 36 = -o*h. What is the units digit of h?
9
Let s(c) = 6*c - 3. Let a(n) = n + 7. Let p be a(-3). Suppose 0 = t - j - 7, p*j + 13 = -7. What is the units digit of s(t)?
9
Suppose 3*y - 5*c - 354 = 0, -472 = -4*y - 9*c + 6*c. What is the units digit of y?
8
Let d(p) = -3*p - 3. Let o(n) = -n - 1. Let y(v) = -2*d(v) + 9*o(v). What is the units digit of y(-4)?
9
Suppose 0 = -2*a + k - 7 + 33, 6 = -3*k. What is the tens digit of a?
1
Let y = 51 + -14. What is the units digit of y?
7
Let h be (-1 + 4/3)*6. Suppose 0 = 3*b + h*r + 26, -22 = b + r + 3*r. What is the units digit of (-1)/(-2 + b/(-4))?
2
Let v be 1/(2/6) + 1. Suppose -v*t + 16 + 36 = 4*k, t = 4*k - 32. What is the units digit of k?
9
What is the tens digit of 5/((-70)/4) - 240/(-7)?
3
Let t be (1 - 0/(-2))*-1. What is the units digit of ((-2)/(-6))/(t/(-6))?
2
Let x(t) = -t**3 - 17*t**2 + 16*t + 19. What is the tens digit of x(-18)?
5
Suppose -5*o = -3*o - 10. Let f = o + -6. What is the units digit of 3/(-1 - (f - 1))?
3
Suppose 3*g + 47 = 2*d - 0*g, g - 73 = -4*d. What is the units digit of d?
9
Let a(x) = 5*x**2 + 9*x + 53. Let r(v) = 3*v**2 + 5*v + 26. Let c(o) = 4*a(o) - 7*r(o). What is the units digit of c(0)?
0
Suppose -2*n - 4 = -0. Let c(x) = -x**2 - 4*x - 3. What is the units digit of c(n)?
1
Let h(q) = -q**2 - 4*q - 5. Let w be h(-4). Let r be (-39)/15 + (-3)/w. What is the units digit of -3 - 1 - r - -5?
3
Suppose -2*i + i + 3 = 0, -5*c - 3*i + 24 = 0. Suppose 4*k + 3*q = 0, 2*q + 4 - 5 = -c*k. Suppose -k*g + 7*g - 40 = 0. What is the tens digit of g?
1
Suppose 3*m - 2*m = 12. Suppose 0 = -a + m + 8. What is the units digit of a?
0
What is the units digit of 1*70 - -2 - 3?
9
Suppose -2 = -4*p - 2*u, -3*p - u = -0*u - 1. Let x(i) = -6 - 3*i + p*i + 0*i. What is the units digit of x(-5)?
9
Suppose 0 = 4*g - 11 - 1, 0 = 5*r + 5*g - 120. Let d = r + 19. What is the units digit of d?
0
Suppose -3*x - 9 = 0, 0*l + 5 = 2*l - 3*x. Let z be (-6)/l + (8 - 2). What is the tens digit of 12/(2 + (-12)/z)?
1
What is the tens digit of (-36)/(-16)*56/6?
2
Suppose 0 = -2*c + 2*o + 131 - 51, 5*o - 10 = 0. What is the tens digit of c?
4
Suppose 3*n - 4*n = 0. Let y be -2 - (2 + n + -3). What is the units digit of (-11 - (1 - y))/(-1)?
3
Let o be (-4 - -5)*5/1. Suppose 4*v + 15 = 5*u, -u + 3*v = -o*u + 43. What is the units digit of u?
7
Suppose 60 + 20 = -5*k. Let m = -3 - k. What is the units digit of m?
3
What is the tens digit of 758/4 + (-3 - -4)/2?
9
Let a = -1 - -6. Suppose 147 = a*q + 27. What is the tens digit of q?
2
Suppose -2*c = -2*p + 4, c - 2*c = -3*p + 12. Suppose x = c*x. Suppose s - 2*m + 9 = x, -3*m - 5 = -4*m. What is the units digit of s?
1
Let y = -4 - -8. Suppose 0 = 4*f + y*p - 60, 0 = -f + 3*f - 2*p - 34. What is the units digit of f?
6
Let g(t) = t**2 - 5*t**2 + 2*t**2 - 5*t + t**2 - 1. What is the units digit of g(-3)?
5
Let g be ((-1)/(-3))/((-3)/(-45)). Suppose -4*t = -3*h + 7, g*h - 4*t + 4 = 21. Suppose -7 = -3*s + 4*v, -h*s - v - 33 = -83. What is the units digit of s?
9
Let o be (-3)/9 + (-21)/(-9). Suppose -r - o*m + 20 = 3*m, 5*r - 5*m - 250 = 0. What is the tens digit of r?
4
Suppose 2*h - 6 = 2. Let f be (-1 + 9)/((-2)/h). Let n = 23 + f. What is the units digit of n?
7
Suppose -v + f + 16 = 0, 3*f + 5 = -2*f. Suppose -4*z = -5*n + v, 5*z = 3*n - 0*z - 22. What is the units digit of (-10)/(1*(n - 1))?
5
Suppose -5*n - 6 - 4 = 0. What is the tens digit of 153/(-6)*n/3?
1
Suppose -2*s - 2*r = -140, r + 166 = 2*s + 11. What is the tens digit of s?
7
Let c = 2 + 1. What is the units digit of ((-2)/(-4))/(c/42)?
7
Let s = 7 + -2. Suppose 3*r + 11 = 4*r. Suppose s*d + r = 51. What is the units digit of d?
8
Suppose 12*m = 11*m + 66. What is the units digit of m?
6
Let h(t) = -t**2 + 7*t - 5. Let n be h(5). Suppose -4*c + 49 = -n*l, 25 + 11 = 3*c - 3*l. What is the tens digit of c?
1
Let u = 4 - -18. What is the units digit of u?
2
Let b(w) = 110*w**2 + w - 2. What is the units digit of b(1)?
9
Let a be (-3 - -5) + (1 - 0). Let h(i) = i**3 - 2*i**2 + 2*i + 6. What is the units digit of h(a)?
1
Let y(d) = -2*d**2 - 57*d + 55. What is the hundreds digit of y(-27)?
1
Suppose 4*n - 2*k = 2*n + 372, 0 = 3*n - 2*k - 561. What is the tens digit of n?
8
Suppose -6 = z + 3*s, -33 = -2*z + 2*s + s. What is the units digit of (-1 + 0)/((-1)/z)?
9
Let u(z) be the second derivative of -z**3/6 + 5*z**2/2 + 2*z. Let v(y) = -y - 6. Let i be v(-6). What is the units digit of u(i)?
5
Let n(m) = -m - 2. Let d be n(-2). Suppose -2*h - 1 + 9 = d. Suppose -o - h = -14. What is the units digit of o?
0
Let c = -12 - -17. What is the units digit of c?
5
Let s = -19 - -23. What is the tens digit of s/(-6) - (-760)/24?
3
Suppose 2 = m - 0*m. Let y = m - -3. What is the units digit of y?
5
Suppose -40 = -g + 5. Let u(l) = l**2 + 2*l - 3. Let r be u(-4). Suppose 0*b + r*b - g = 0. What is the units digit of b?
9
Suppose b = 5 - 2, -b = -3*c + 177. What is the units digit of c?
0
What is the tens digit of (-125)/(-3) + 6/(-9)?
4
Suppose -3*z = -102 + 6. What is the tens digit of z?
3
Let v(o) = o**3 + 4*o**2 - 7*o - 3. Let f be v(-5). Let m = f - 10. Let y = 4 + m. What is the units digit of y?
1
Let o be (-6)/2*1/(-3). Let b(n) = n - 4. Let a be b(4). Suppose 0 = -g - a + o. What is the units digit of g?
1
What is the tens digit of 74/1*(3 - (-2)/(-4))?
8
Suppose 4*c - 330 = w - 2*w, 5*w - 1688 = -c. What is the hundreds digit of w?
3
Let o(u) = u**2 - 8*u + 3. What is the tens digit of o(10)?
2
Let x(m) = -m**3 - 8*m**2 - 12*m + 2. Let i be x(-6). Suppose -i*k + 26 = -42. What is the units digit of k?
4
Suppose 3*w - 1 = 6*w + r, w + 2 = -2*r. Suppose -3*p - 59 = -4*z, w*z + 3*p = -2*z + 43. What is the tens digit of z?
1
Let s be 4/(-6) - 77/(-3). Suppose -4*z = d + 3, 0 = 3*d - 0*d - 5*z - s. Suppose -2*c = 3*c + d*t - 95, 0 = -c - 4*t + 34. What is the tens digit of c?
1
Suppose 15 = 5*p + 5*i, p - 2*p = -2*i. Suppose 0 = p*y + 5 + 23. What is the units digit of 0 + (y/(-2) - 1)?
6
Let h(g) = g**2 + 3*g + 2. What is the units digit of h(-5)?
2
Let k be 2 + (9 - 3 - 0). Suppose -p = -5*p + k. What is the units digit of p?
2
What is the hundreds digit of (-14 + -6)*(-52)/10?
1
Let g(d) = d**2 + 3*d + 6. Let u be g(-6). Let y = u + -17. What is the units digit of y?
7
Let n(c) be the first derivative of -c**4/2 - c**3/3 - 1. What is the units digit of n(-2)?
2
Let b(m) = -m**2 - 14*m - 4. What is the tens digit of b(-7)?
4
Let q(k) = -k**2 - 11*k - 5. Let x be q(-8). Let v = 4 + -4. What is the units digit of x + v/((-6)/(-3))?
9
Let g be 4/(-8)*(-2 - 2). Suppose g*d = 2*b - 5 - 13, -4*b + 2*d = -40. What is the units digit of b?
1
Let c(w) = -10*w + 22. What is the units digit of c(-6)?
2
Suppose -2*u - 30 = 2*d, 